{"id":623,"date":"2023-07-22T18:28:12","date_gmt":"2023-07-22T16:28:12","guid":{"rendered":"https:\/\/miguelassal.es\/?page_id=623"},"modified":"2023-10-27T20:16:24","modified_gmt":"2023-10-27T18:16:24","slug":"prensa","status":"publish","type":"page","link":"https:\/\/miguelassal.es\/?page_id=623","title":{"rendered":"Prensa"},"content":{"rendered":"\t\t<div data-elementor-type=\"wp-page\" data-elementor-id=\"623\" class=\"elementor elementor-623\" data-elementor-post-type=\"page\">\n\t\t\t\t\t\t<section class=\"elementor-section elementor-top-section elementor-element elementor-element-89396af elementor-section-boxed elementor-section-height-default elementor-section-height-default\" data-id=\"89396af\" data-element_type=\"section\" data-e-type=\"section\">\n\t\t\t\t\t\t<div class=\"elementor-container elementor-column-gap-default\">\n\t\t\t\t\t<div class=\"elementor-column elementor-col-100 elementor-top-column elementor-element elementor-element-c93a4b6\" data-id=\"c93a4b6\" data-element_type=\"column\" data-e-type=\"column\">\n\t\t\t<div class=\"elementor-widget-wrap elementor-element-populated\">\n\t\t\t\t\t\t<div class=\"elementor-element elementor-element-9961d00 elementor-widget elementor-widget-heading\" data-id=\"9961d00\" data-element_type=\"widget\" data-e-type=\"widget\" data-widget_type=\"heading.default\">\n\t\t\t\t\t<h4 class=\"elementor-heading-title elementor-size-default\"><a href=\"https:\/\/www.infobae.com\/espana\/2023\/09\/22\/miguel-assal-estrella-de-instagram-sobre-primeros-auxilios-la-gente-con-mis-videos-consigue-salvar-vidas\/\">Infobae-Miguel Assal, estrella de Instagram sobre primeros auxilios: \u201cLa gente con mis v\u00eddeos consigue salvar vidas\u201d<\/a><\/h4>\t\t\t\t<\/div>\n\t\t\t\t\t<\/div>\n\t\t<\/div>\n\t\t\t\t\t<\/div>\n\t\t<\/section>\n\t\t\t\t<section class=\"elementor-section elementor-top-section elementor-element elementor-element-14bd8cf elementor-section-boxed elementor-section-height-default elementor-section-height-default\" data-id=\"14bd8cf\" data-element_type=\"section\" data-e-type=\"section\">\n\t\t\t\t\t\t<div class=\"elementor-container elementor-column-gap-default\">\n\t\t\t\t\t<div class=\"elementor-column elementor-col-100 elementor-top-column elementor-element elementor-element-ed07b92\" data-id=\"ed07b92\" data-element_type=\"column\" data-e-type=\"column\">\n\t\t\t<div class=\"elementor-widget-wrap elementor-element-populated\">\n\t\t\t\t\t\t<div class=\"elementor-element elementor-element-ff32140 elementor-widget elementor-widget-heading\" data-id=\"ff32140\" data-element_type=\"widget\" data-e-type=\"widget\" data-widget_type=\"heading.default\">\n\t\t\t\t\t<h4 class=\"elementor-heading-title elementor-size-default\"><a href=\"https:\/\/www.ondacero.es\/programas\/mas-de-uno\/audios-podcast\/entrevistas\/como-actuar-caso-infarto-atragantamiento-estas-solo-casa_2023080364cb79a49775a80001e41ce9.html\">Ondacero-C\u00f3mo actuar en caso de infarto o atragantamiento si est\u00e1s solo en casa<\/a><\/h4>\t\t\t\t<\/div>\n\t\t\t\t\t<\/div>\n\t\t<\/div>\n\t\t\t\t\t<\/div>\n\t\t<\/section>\n\t\t\t\t<section class=\"elementor-section elementor-top-section elementor-element elementor-element-bd76d6f elementor-section-boxed elementor-section-height-default elementor-section-height-default\" data-id=\"bd76d6f\" data-element_type=\"section\" data-e-type=\"section\">\n\t\t\t\t\t\t<div class=\"elementor-container elementor-column-gap-default\">\n\t\t\t\t\t<div class=\"elementor-column elementor-col-100 elementor-top-column elementor-element elementor-element-8da2e01\" data-id=\"8da2e01\" data-element_type=\"column\" data-e-type=\"column\">\n\t\t\t<div class=\"elementor-widget-wrap elementor-element-populated\">\n\t\t\t\t\t\t<div class=\"elementor-element elementor-element-65960ca elementor-widget elementor-widget-heading\" data-id=\"65960ca\" data-element_type=\"widget\" data-e-type=\"widget\" data-widget_type=\"heading.default\">\n\t\t\t\t\t<h4 class=\"elementor-heading-title elementor-size-default\"><a href=\"https:\/\/www.antena3.com\/noticias\/salud\/alerta-divulgador-miguel-assal-bebidas-energeticas-son-bomba-explosiva-nada-saludable_202309286513dcda98383a0001a100b4.html\">Antena 3-La alerta del divulgador Miguel Assal sobre las bebidas energ\u00e9ticas: \"Son una bomba explosiva nada saludable\"<\/a><\/h4>\t\t\t\t<\/div>\n\t\t\t\t\t<\/div>\n\t\t<\/div>\n\t\t\t\t\t<\/div>\n\t\t<\/section>\n\t\t\t\t<section class=\"elementor-section elementor-top-section elementor-element elementor-element-bc32240 elementor-section-boxed elementor-section-height-default elementor-section-height-default\" data-id=\"bc32240\" data-element_type=\"section\" data-e-type=\"section\">\n\t\t\t\t\t\t<div class=\"elementor-container elementor-column-gap-default\">\n\t\t\t\t\t<div class=\"elementor-column elementor-col-100 elementor-top-column elementor-element elementor-element-4136b40\" data-id=\"4136b40\" data-element_type=\"column\" data-e-type=\"column\">\n\t\t\t<div class=\"elementor-widget-wrap elementor-element-populated\">\n\t\t\t\t\t\t<div class=\"elementor-element elementor-element-e2d47a3 elementor-widget elementor-widget-heading\" data-id=\"e2d47a3\" data-element_type=\"widget\" data-e-type=\"widget\" data-widget_type=\"heading.default\">\n\t\t\t\t\t<h4 class=\"elementor-heading-title elementor-size-default\"><a href=\"https:\/\/www.infobae.com\/espana\/2023\/09\/12\/miguel-assal-el-agente-de-emergencias-del-samu-que-arrasa-en-redes-sociales-y-va-a-publicar-su-primer-libro\/\">Infobae-Miguel Assal, el agente de emergencias del SAMU que arrasa en redes sociales y va a publicar su primer libro<\/a><\/h4>\t\t\t\t<\/div>\n\t\t\t\t\t<\/div>\n\t\t<\/div>\n\t\t\t\t\t<\/div>\n\t\t<\/section>\n\t\t\t\t<section class=\"elementor-section elementor-top-section elementor-element elementor-element-46bf6d9 elementor-section-boxed elementor-section-height-default elementor-section-height-default\" data-id=\"46bf6d9\" data-element_type=\"section\" data-e-type=\"section\">\n\t\t\t\t\t\t<div class=\"elementor-container elementor-column-gap-default\">\n\t\t\t\t\t<div class=\"elementor-column elementor-col-100 elementor-top-column elementor-element elementor-element-5637f99\" data-id=\"5637f99\" data-element_type=\"column\" data-e-type=\"column\">\n\t\t\t<div class=\"elementor-widget-wrap elementor-element-populated\">\n\t\t\t\t\t\t<div class=\"elementor-element elementor-element-3faf345 elementor-widget elementor-widget-heading\" data-id=\"3faf345\" data-element_type=\"widget\" data-e-type=\"widget\" data-widget_type=\"heading.default\">\n\t\t\t\t\t<h4 class=\"elementor-heading-title elementor-size-default\"><a href=\"https:\/\/www.lasexta.com\/programas\/mas-vale-tarde\/consejo-tecnico-emergencias-prevenir-olvidos-mortales-ninos-mascotas-coche_2023080964d3bcc051e7e10001f32566.html\">LaSexta-El consejo de un t\u00e9cnico de emergencias para prevenir olvidos mortales de ni\u00f1os o mascotas en el coche<\/a><\/h4>\t\t\t\t<\/div>\n\t\t\t\t\t<\/div>\n\t\t<\/div>\n\t\t\t\t\t<\/div>\n\t\t<\/section>\n\t\t\t\t<section class=\"elementor-section elementor-top-section elementor-element elementor-element-240cdd0 elementor-section-boxed elementor-section-height-default elementor-section-height-default\" data-id=\"240cdd0\" data-element_type=\"section\" data-e-type=\"section\">\n\t\t\t\t\t\t<div class=\"elementor-container elementor-column-gap-default\">\n\t\t\t\t\t<div class=\"elementor-column elementor-col-100 elementor-top-column elementor-element elementor-element-abb8358\" data-id=\"abb8358\" data-element_type=\"column\" data-e-type=\"column\">\n\t\t\t<div class=\"elementor-widget-wrap elementor-element-populated\">\n\t\t\t\t\t\t<div class=\"elementor-element elementor-element-79cf09e elementor-widget elementor-widget-heading\" data-id=\"79cf09e\" data-element_type=\"widget\" data-e-type=\"widget\" data-widget_type=\"heading.default\">\n\t\t\t\t\t<h4 class=\"elementor-heading-title elementor-size-default\"><a href=\"https:\/\/www.lasexta.com\/programas\/mas-vale-tarde\/como-actuar-caso-posible-lesion-mal-salto-consejos-tecnico-emergencias_2023082464e78e609598e300018f368d.html\">LaSexta-\u00bfC\u00f3mo actuar en caso de una posible lesi\u00f3n tras un mal salto? Los consejos de un t\u00e9cnico de emergencias\n<\/a><\/h4>\t\t\t\t<\/div>\n\t\t\t\t\t<\/div>\n\t\t<\/div>\n\t\t\t\t\t<\/div>\n\t\t<\/section>\n\t\t\t\t<section class=\"elementor-section elementor-top-section elementor-element elementor-element-fc0ff6e elementor-section-boxed elementor-section-height-default elementor-section-height-default\" data-id=\"fc0ff6e\" data-element_type=\"section\" data-e-type=\"section\">\n\t\t\t\t\t\t<div class=\"elementor-container elementor-column-gap-default\">\n\t\t\t\t\t<div class=\"elementor-column elementor-col-100 elementor-top-column elementor-element elementor-element-60b24bf\" data-id=\"60b24bf\" data-element_type=\"column\" data-e-type=\"column\">\n\t\t\t<div class=\"elementor-widget-wrap elementor-element-populated\">\n\t\t\t\t\t\t<div class=\"elementor-element elementor-element-7e79f5c elementor-widget elementor-widget-heading\" data-id=\"7e79f5c\" data-element_type=\"widget\" data-e-type=\"widget\" data-widget_type=\"heading.default\">\n\t\t\t\t\t<h4 class=\"elementor-heading-title elementor-size-default\"><a href=\"https:\/\/www.lasexta.com\/programas\/mas-vale-tarde\/asi-puedes-ayudar-alguien-que-ahoga-arriesgar-vida_2023080464cd2cef95af7e00014bdbf0.html\">LaSexta-As\u00ed puedes ayudar a alguien que se ahoga sin arriesgar tu vida<\/a><\/h4>\t\t\t\t<\/div>\n\t\t\t\t\t<\/div>\n\t\t<\/div>\n\t\t\t\t\t<\/div>\n\t\t<\/section>\n\t\t\t\t<section class=\"elementor-section elementor-top-section elementor-element elementor-element-353e10e elementor-section-boxed elementor-section-height-default elementor-section-height-default\" data-id=\"353e10e\" data-element_type=\"section\" data-e-type=\"section\">\n\t\t\t\t\t\t<div class=\"elementor-container elementor-column-gap-default\">\n\t\t\t\t\t<div class=\"elementor-column elementor-col-100 elementor-top-column elementor-element elementor-element-3c9823f\" data-id=\"3c9823f\" data-element_type=\"column\" data-e-type=\"column\">\n\t\t\t<div class=\"elementor-widget-wrap elementor-element-populated\">\n\t\t\t\t\t\t<div class=\"elementor-element elementor-element-0caab20 elementor-widget elementor-widget-heading\" data-id=\"0caab20\" data-element_type=\"widget\" data-e-type=\"widget\" data-widget_type=\"heading.default\">\n\t\t\t\t\t<h4 class=\"elementor-heading-title elementor-size-default\"><a href=\"https:\/\/www.lasexta.com\/programas\/mas-vale-tarde\/nadeis-nunca-contracorriente-hay-que-dejarse-llevar-claves-experto-evitar-ahogamientos_2023080464cd2862502f1e0001ccfe3e.html\">LaSexta-\"No nad\u00e9is nunca a contracorriente, hay que dejarse llevar\": claves de un experto para evitar ahogamientos<\/a><\/h4>\t\t\t\t<\/div>\n\t\t\t\t\t<\/div>\n\t\t<\/div>\n\t\t\t\t\t<\/div>\n\t\t<\/section>\n\t\t\t\t<\/div>\n\t\t","protected":false},"excerpt":{"rendered":"<p>Infobae-Miguel Assal, estrella de Instagram sobre primeros auxilios: \u201cLa gente con mis v\u00eddeos consigue salvar vidas\u201d Ondacero-C\u00f3mo actuar en caso de infarto o atragantamiento si est\u00e1s solo en casa Antena 3-La alerta del divulgador Miguel Assal sobre las bebidas energ\u00e9ticas: \u00abSon una bomba explosiva nada saludable\u00bb Infobae-Miguel Assal, el agente de emergencias del SAMU que [&hellip;]<\/p>\n","protected":false},"author":1,"featured_media":0,"parent":0,"menu_order":0,"comment_status":"closed","ping_status":"closed","template":"","meta":{"site-sidebar-layout":"default","site-content-layout":"","ast-site-content-layout":"default","site-content-style":"default","site-sidebar-style":"default","ast-global-header-display":"","ast-banner-title-visibility":"","ast-main-header-display":"","ast-hfb-above-header-display":"","ast-hfb-below-header-display":"","ast-hfb-mobile-header-display":"","site-post-title":"","ast-breadcrumbs-content":"","ast-featured-img":"","footer-sml-layout":"","ast-disable-related-posts":"","theme-transparent-header-meta":"","adv-header-id-meta":"","stick-header-meta":"","header-above-stick-meta":"","header-main-stick-meta":"","header-below-stick-meta":"","astra-migrate-meta-layouts":"default","ast-page-background-enabled":"default","ast-page-background-meta":{"desktop":{"background-color":"var(--ast-global-color-4)","background-image":"","background-repeat":"repeat","background-position":"center center","background-size":"auto","background-attachment":"scroll","background-type":"","background-media":"","overlay-type":"","overlay-color":"","overlay-opacity":"","overlay-gradient":""},"tablet":{"background-color":"","background-image":"","background-repeat":"repeat","background-position":"center center","background-size":"auto","background-attachment":"scroll","background-type":"","background-media":"","overlay-type":"","overlay-color":"","overlay-opacity":"","overlay-gradient":""},"mobile":{"background-color":"","background-image":"","background-repeat":"repeat","background-position":"center center","background-size":"auto","background-attachment":"scroll","background-type":"","background-media":"","overlay-type":"","overlay-color":"","overlay-opacity":"","overlay-gradient":""}},"ast-content-background-meta":{"desktop":{"background-color":"var(--ast-global-color-5)","background-image":"","background-repeat":"repeat","background-position":"center center","background-size":"auto","background-attachment":"scroll","background-type":"","background-media":"","overlay-type":"","overlay-color":"","overlay-opacity":"","overlay-gradient":""},"tablet":{"background-color":"var(--ast-global-color-5)","background-image":"","background-repeat":"repeat","background-position":"center center","background-size":"auto","background-attachment":"scroll","background-type":"","background-media":"","overlay-type":"","overlay-color":"","overlay-opacity":"","overlay-gradient":""},"mobile":{"background-color":"var(--ast-global-color-5)","background-image":"","background-repeat":"repeat","background-position":"center center","background-size":"auto","background-attachment":"scroll","background-type":"","background-media":"","overlay-type":"","overlay-color":"","overlay-opacity":"","overlay-gradient":""}},"_joinchat":[],"footnotes":""},"class_list":["post-623","page","type-page","status-publish","hentry"],"_links":{"self":[{"href":"https:\/\/miguelassal.es\/index.php?rest_route=\/wp\/v2\/pages\/623","targetHints":{"allow":["GET"]}}],"collection":[{"href":"https:\/\/miguelassal.es\/index.php?rest_route=\/wp\/v2\/pages"}],"about":[{"href":"https:\/\/miguelassal.es\/index.php?rest_route=\/wp\/v2\/types\/page"}],"author":[{"embeddable":true,"href":"https:\/\/miguelassal.es\/index.php?rest_route=\/wp\/v2\/users\/1"}],"replies":[{"embeddable":true,"href":"https:\/\/miguelassal.es\/index.php?rest_route=%2Fwp%2Fv2%2Fcomments&post=623"}],"version-history":[{"count":20,"href":"https:\/\/miguelassal.es\/index.php?rest_route=\/wp\/v2\/pages\/623\/revisions"}],"predecessor-version":[{"id":1158,"href":"https:\/\/miguelassal.es\/index.php?rest_route=\/wp\/v2\/pages\/623\/revisions\/1158"}],"wp:attachment":[{"href":"https:\/\/miguelassal.es\/index.php?rest_route=%2Fwp%2Fv2%2Fmedia&parent=623"}],"curies":[{"name":"wp","href":"https:\/\/api.w.org\/{rel}","templated":true}]}}