{"id":725,"date":"2023-09-27T11:00:48","date_gmt":"2023-09-27T09:00:48","guid":{"rendered":"https:\/\/miguelassal.es\/?post_type=product&#038;p=725"},"modified":"2026-04-22T18:17:17","modified_gmt":"2026-04-22T16:17:17","slug":"salvar-vidas","status":"publish","type":"product","link":"https:\/\/miguelassal.es\/?product=salvar-vidas","title":{"rendered":"Salvar vidas"},"content":{"rendered":"<ul>\n<li><img fetchpriority=\"high\" decoding=\"async\" class=\"alignnone size-medium wp-image-697\" src=\"http:\/\/miguelassal.es\/wp-content\/uploads\/2023\/09\/Diseno-sin-titulo-36-300x300.png\" alt=\"\" width=\"300\" height=\"300\" srcset=\"https:\/\/miguelassal.es\/wp-content\/uploads\/2023\/09\/Diseno-sin-titulo-36-300x300.png 300w, https:\/\/miguelassal.es\/wp-content\/uploads\/2023\/09\/Diseno-sin-titulo-36-1024x1024.png 1024w, https:\/\/miguelassal.es\/wp-content\/uploads\/2023\/09\/Diseno-sin-titulo-36-150x150.png 150w, https:\/\/miguelassal.es\/wp-content\/uploads\/2023\/09\/Diseno-sin-titulo-36-768x768.png 768w, https:\/\/miguelassal.es\/wp-content\/uploads\/2023\/09\/Diseno-sin-titulo-36-1536x1536.png 1536w, https:\/\/miguelassal.es\/wp-content\/uploads\/2023\/09\/Diseno-sin-titulo-36-2048x2048.png 2048w, https:\/\/miguelassal.es\/wp-content\/uploads\/2023\/09\/Diseno-sin-titulo-36-600x600.png 600w, https:\/\/miguelassal.es\/wp-content\/uploads\/2023\/09\/Diseno-sin-titulo-36-100x100.png 100w\" sizes=\"(max-width: 300px) 100vw, 300px\" \/><\/li>\n<\/ul>\n","protected":false},"excerpt":{"rendered":"<ul>\n<li>En este libro te ense\u00f1ar\u00e9 a identificar situaciones de emergencia y te proporcionar\u00e9 informaci\u00f3n sobre c\u00f3mo puedes salvar una vida.<\/li>\n<\/ul>\n<p>En un ictus, el tiempo es cerebro; en un infarto, el tiempo es coraz\u00f3n; en un atragantamiento, el tiempo es respiraci\u00f3n; y en una parada cardiaca, el tiempo es vida.<\/p>\n","protected":false},"featured_media":697,"comment_status":"open","ping_status":"closed","template":"","meta":{"site-sidebar-layout":"default","site-content-layout":"default","ast-site-content-layout":"default","site-content-style":"default","site-sidebar-style":"default","ast-global-header-display":"","ast-banner-title-visibility":"","ast-main-header-display":"","ast-hfb-above-header-display":"","ast-hfb-below-header-display":"","ast-hfb-mobile-header-display":"","site-post-title":"","ast-breadcrumbs-content":"","ast-featured-img":"","footer-sml-layout":"","ast-disable-related-posts":"","theme-transparent-header-meta":"default","adv-header-id-meta":"","stick-header-meta":"","header-above-stick-meta":"","header-main-stick-meta":"","header-below-stick-meta":"","astra-migrate-meta-layouts":"default","ast-page-background-enabled":"default","ast-page-background-meta":{"desktop":{"background-color":"var(--ast-global-color-4)","background-image":"","background-repeat":"repeat","background-position":"center center","background-size":"auto","background-attachment":"scroll","background-type":"","background-media":"","overlay-type":"","overlay-color":"","overlay-opacity":"","overlay-gradient":""},"tablet":{"background-color":"","background-image":"","background-repeat":"repeat","background-position":"center center","background-size":"auto","background-attachment":"scroll","background-type":"","background-media":"","overlay-type":"","overlay-color":"","overlay-opacity":"","overlay-gradient":""},"mobile":{"background-color":"","background-image":"","background-repeat":"repeat","background-position":"center center","background-size":"auto","background-attachment":"scroll","background-type":"","background-media":"","overlay-type":"","overlay-color":"","overlay-opacity":"","overlay-gradient":""}},"ast-content-background-meta":{"desktop":{"background-color":"var(--ast-global-color-5)","background-image":"","background-repeat":"repeat","background-position":"center center","background-size":"auto","background-attachment":"scroll","background-type":"","background-media":"","overlay-type":"","overlay-color":"","overlay-opacity":"","overlay-gradient":""},"tablet":{"background-color":"var(--ast-global-color-5)","background-image":"","background-repeat":"repeat","background-position":"center center","background-size":"auto","background-attachment":"scroll","background-type":"","background-media":"","overlay-type":"","overlay-color":"","overlay-opacity":"","overlay-gradient":""},"mobile":{"background-color":"var(--ast-global-color-5)","background-image":"","background-repeat":"repeat","background-position":"center center","background-size":"auto","background-attachment":"scroll","background-type":"","background-media":"","overlay-type":"","overlay-color":"","overlay-opacity":"","overlay-gradient":""}},"_joinchat":[]},"product_brand":[],"product_cat":[15],"product_tag":[],"class_list":{"0":"post-725","1":"product","2":"type-product","3":"status-publish","4":"has-post-thumbnail","6":"product_cat-libros","7":"desktop-align-left","8":"tablet-align-left","9":"mobile-align-left","11":"first","12":"instock","13":"taxable","14":"shipping-taxable","15":"purchasable","16":"product-type-simple"},"_links":{"self":[{"href":"https:\/\/miguelassal.es\/index.php?rest_route=\/wp\/v2\/product\/725","targetHints":{"allow":["GET"]}}],"collection":[{"href":"https:\/\/miguelassal.es\/index.php?rest_route=\/wp\/v2\/product"}],"about":[{"href":"https:\/\/miguelassal.es\/index.php?rest_route=\/wp\/v2\/types\/product"}],"replies":[{"embeddable":true,"href":"https:\/\/miguelassal.es\/index.php?rest_route=%2Fwp%2Fv2%2Fcomments&post=725"}],"wp:featuredmedia":[{"embeddable":true,"href":"https:\/\/miguelassal.es\/index.php?rest_route=\/wp\/v2\/media\/697"}],"wp:attachment":[{"href":"https:\/\/miguelassal.es\/index.php?rest_route=%2Fwp%2Fv2%2Fmedia&parent=725"}],"wp:term":[{"taxonomy":"product_brand","embeddable":true,"href":"https:\/\/miguelassal.es\/index.php?rest_route=%2Fwp%2Fv2%2Fproduct_brand&post=725"},{"taxonomy":"product_cat","embeddable":true,"href":"https:\/\/miguelassal.es\/index.php?rest_route=%2Fwp%2Fv2%2Fproduct_cat&post=725"},{"taxonomy":"product_tag","embeddable":true,"href":"https:\/\/miguelassal.es\/index.php?rest_route=%2Fwp%2Fv2%2Fproduct_tag&post=725"}],"curies":[{"name":"wp","href":"https:\/\/api.w.org\/{rel}","templated":true}]}}